d 28?
14
What is the greatest common factor of 103337 and 52?
13
Calculate the highest common divisor of 4670 and 297012.
934
What is the highest common divisor of 3072 and 6?
6
What is the highest common factor of 228137 and 1196?
299
What is the greatest common factor of 278 and 810?
2
Calculate the highest common divisor of 119 and 119799.
17
What is the greatest common factor of 117342 and 54243?
1107
Calculate the highest common divisor of 696 and 530874.
174
What is the highest common factor of 34870 and 44?
22
What is the highest common factor of 37 and 144707?
37
What is the greatest common divisor of 156 and 8376?
12
Calculate the greatest common divisor of 437 and 5288137.
437
Calculate the greatest common divisor of 371295 and 1480.
185
What is the highest common factor of 323932 and 161?
161
What is the highest common factor of 20972 and 392?
196
Calculate the highest common divisor of 6318 and 6864.
78
What is the greatest common factor of 7 and 258811?
7
Calculate the greatest common factor of 1048417 and 821.
821
Calculate the greatest common factor of 152 and 7802996.
76
What is the greatest common divisor of 500 and 9928?
4
Calculate the highest common divisor of 16 and 101884.
4
What is the greatest common divisor of 315 and 15615?
45
Calculate the greatest common factor of 19807 and 319.
29
What is the highest common divisor of 1105608 and 3192?
168
What is the highest common divisor of 33 and 1851?
3
Calculate the highest common divisor of 1431747 and 5397.
771
Calculate the greatest common factor of 9179 and 46991.
137
What is the highest common factor of 136 and 91528?
136
What is the highest common factor of 6 and 43152?
6
What is the highest common divisor of 72 and 52056?
72
What is the highest common divisor of 2254 and 7774?
46
What is the highest common divisor of 1999131 and 939?
939
What is the highest common divisor of 36 and 103860?
36
Calculate the greatest common factor of 4 and 166338.
2
What is the greatest common factor of 19647 and 1006363?
2183
Calculate the greatest common factor of 6379737 and 273.
273
What is the highest common factor of 35 and 5403545?
35
Calculate the highest common factor of 2869844 and 212.
212
What is the highest common divisor of 496 and 17856?
496
What is the highest common divisor of 2197 and 65?
13
Calculate the highest common divisor of 93051 and 11025.
441
Calculate the greatest common factor of 5713 and 6895.
197
Calculate the highest common divisor of 3648 and 1786.
38
Calculate the highest common factor of 462878 and 988.
494
What is the highest common factor of 427976 and 732?
244
Calculate the highest common divisor of 96 and 815488.
32
What is the highest common divisor of 30039 and 12121?
527
Calculate the highest common factor of 25008 and 96.
48
What is the highest common divisor of 21 and 27237?
21
What is the greatest common factor of 32930 and 15170?
370
Calculate the highest common factor of 849 and 22357.
283
Calculate the greatest common factor of 2084096 and 48.
16
What is the greatest common divisor of 1710 and 277590?
570
Calculate the highest common divisor of 14883 and 429.
33
Calculate the highest common factor of 61789 and 14651.
637
What is the highest common divisor of 17178 and 1554?
42
Calculate the greatest common factor of 10411 and 1421.
29
Calculate the greatest common factor of 21894 and 43521.
267
What is the greatest common divisor of 706219 and 37?
37
What is the greatest common divisor of 66 and 391611?
33
What is the greatest common divisor of 300 and 256260?
60
What is the greatest common factor of 288 and 63456?
96
Calculate the highest common factor of 10695 and 1095.
15
What is the highest common factor of 113401 and 151?
151
Calculate the greatest common factor of 132 and 10692.
132
What is the highest common divisor of 19 and 2005583?
19
What is the greatest common factor of 62205 and 274833?
1131
Calculate the highest common divisor of 43616 and 406.
58
What is the greatest common divisor of 732 and 20?
4
Calculate the highest common divisor of 294 and 2289.
21
What is the greatest common factor of 91329 and 21?
21
Calculate the highest common factor of 2860 and 3124.
44
What is the highest common factor of 439934 and 418?
22
Calculate the highest common divisor of 510 and 21810.
30
Calculate the greatest common factor of 400 and 167600.
400
Calculate the greatest common divisor of 185 and 111703.
37
Calculate the greatest common factor of 29925 and 9765.
315
Calculate the highest common divisor of 96321 and 4965.
993
What is the highest common factor of 619715 and 15?
5
What is the highest common divisor of 3332 and 7259?
119
Calculate the greatest common divisor of 512 and 172864.
64
Calculate the highest common factor of 120357 and 387.
387
What is the greatest common divisor of 24667 and 119?
17
Calculate the highest common factor of 1703877 and 294.
147
What is the highest common divisor of 10 and 1093800?
10
Calculate the greatest common factor of 98262 and 1431.
477
What is the greatest common divisor of 9563 and 1703?
131
Calculate the highest common factor of 369788 and 3088.
772
What is the greatest common factor of 18690 and 2100?
210
What is the highest common factor of 14469 and 115479?
273
Calculate the highest common divisor of 30 and 580215.
15
What is the highest common divisor of 16512 and 4773?
129
What is the highest common factor of 3577 and 7301?
49
What is the greatest common divisor of 1364 and 58993?
341
What is the highest common factor of 102999 and 507?
39
What is the greatest common divisor of 119890 and 15?
5
Calculate the greatest common divisor of 2860 and 47160.
20
What is the greatest common divisor of 2844 and 18198?
18
What is the highest common divisor of 49 and 7715687?
49
What is the greatest common divisor of 79672 and 391?
23
What is the highest common divisor of 86 and 60114?
86
What is the greatest common divisor of 30 and 27?
3
Calculate the highest common factor of 815721 and 1524.
381
What is the highest common divisor of 7904 and 3458?
494
What is the greatest common factor of 4 and 226724?
4
Calculate the greatest common divisor of 311290 and 322.
14
What is the highest common divisor of 12 and 72132?
12
Calculate the greatest common divisor of 88 and 899338.
22
Calculate the greatest common factor of 12977 and 171.
19
Calculate the greatest common factor of 13362 and 44982.
102
What is the highest common divisor of 48 and 1304752?
16
Calculate the greatest common factor of 200 and 328.
8
What is the greatest common factor of 30 and 35754?
6
Calculate the highest common divisor of 1848 and 54824.
616
Calculate the highest common factor of 8919 and 180.
9
What is the highest common factor of 27555 and 1683?
33
Calculate the highest common factor of 12060 and 855.
45
What is the highest common divisor of 782 and 2312?
34
Calculate the greatest common factor of 4840 and 200.
40
What is the highest common divisor of 29890 and 159740?
490
What is the highest common divisor of 2720 and 240?
80
What is the greatest common factor of 3627 and 72423?
117
Calculate the greatest common divisor of 2184813 and 111.
111
What is the greatest common divisor of 951690 and 90?
30
What is the greatest common factor of 4554 and 8118?
198
What is the highest common factor of 562832 and 1213?
1213
What is the greatest common divisor of 2926 and 848122?
418
Calculate the highest common divisor of 20 and 45470.
10
Calculate the greatest common divisor of 1079 and 2197.
13
Calculate the greatest common divisor of 34970 and 16640.
130
What is the highest common factor of 37560 and 360?
120
Calculate the greatest common divisor of 330 and 9210.
30
Calculate the greatest common divisor of 6 and 8871.
3
What is the highest common divisor of 1002 and 645789?
501
What is the greatest common factor of 317898 and 196?
14
What is the greatest common divisor of 35256 and 390?
78
Calculate the highest common factor of 193905 and 558.
279
What is the greatest common divisor of 9618 and 35?
7
Calculate the greatest common divisor of 227 and 658981.
227
What is the highest common divisor of 2 and 10004?
2
What is the greatest common factor of 12912 and 336?
48
What is the highest common divisor of 89167 and 247?
247
Cal